 109
What are the prime factors of 3834?
2, 3, 71
List the prime factors of 60572.
2, 19, 797
What are the prime factors of 2152?
2, 269
List the prime factors of 995.
5, 199
What are the prime factors of 8191?
8191
List the prime factors of 111266.
2, 55633
What are the prime factors of 15957?
3, 197
List the prime factors of 1150.
2, 5, 23
What are the prime factors of 829?
829
List the prime factors of 39134.
2, 17, 1151
List the prime factors of 17082.
2, 3, 13, 73
List the prime factors of 237.
3, 79
What are the prime factors of 4375?
5, 7
List the prime factors of 1476.
2, 3, 41
What are the prime factors of 3381?
3, 7, 23
What are the prime factors of 1665?
3, 5, 37
List the prime factors of 89.
89
List the prime factors of 5674.
2, 2837
List the prime factors of 28407.
3, 17, 557
List the prime factors of 2935.
5, 587
List the prime factors of 6263.
6263
What are the prime factors of 9136?
2, 571
What are the prime factors of 27720?
2, 3, 5, 7, 11
What are the prime factors of 68781?
3, 101, 227
List the prime factors of 15937.
15937
What are the prime factors of 1224?
2, 3, 17
List the prime factors of 7443.
3, 827
What are the prime factors of 3027?
3, 1009
What are the prime factors of 2175?
3, 5, 29
What are the prime factors of 627?
3, 11, 19
List the prime factors of 23718.
2, 3, 59, 67
What are the prime factors of 229?
229
List the prime factors of 18032.
2, 7, 23
What are the prime factors of 3727?
3727
What are the prime factors of 55052?
2, 13763
What are the prime factors of 6322?
2, 29, 109
What are the prime factors of 1261?
13, 97
What are the prime factors of 177?
3, 59
What are the prime factors of 4500?
2, 3, 5
What are the prime factors of 33092?
2, 8273
What are the prime factors of 1764?
2, 3, 7
What are the prime factors of 10786?
2, 5393
List the prime factors of 17339.
7, 2477
What are the prime factors of 4901?
13, 29
What are the prime factors of 49424?
2, 3089
What are the prime factors of 14003?
11, 19, 67
What are the prime factors of 218?
2, 109
What are the prime factors of 88444?
2, 22111
What are the prime factors of 100?
2, 5
What are the prime factors of 1689?
3, 563
List the prime factors of 1646.
2, 823
List the prime factors of 1953.
3, 7, 31
What are the prime factors of 10377?
3, 1153
What are the prime factors of 594?
2, 3, 11
List the prime factors of 55576.
2, 6947
List the prime factors of 112038.
2, 3, 71, 263
What are the prime factors of 37234?
2, 18617
What are the prime factors of 4861?
4861
List the prime factors of 65.
5, 13
What are the prime factors of 850?
2, 5, 17
What are the prime factors of 3929?
3929
What are the prime factors of 6502?
2, 3251
List the prime factors of 9189.
3, 1021
List the prime factors of 80162.
2, 149, 269
What are the prime factors of 9877?
7, 17, 83
What are the prime factors of 19503?
3, 11, 197
List the prime factors of 76422.
2, 3, 47, 271
List the prime factors of 27598.
2, 13799
What are the prime factors of 4649?
4649
List the prime factors of 445.
5, 89
What are the prime factors of 19494?
2, 3, 19
What are the prime factors of 24?
2, 3
List the prime factors of 1070.
2, 5, 107
What are the prime factors of 50475?
3, 5, 673
What are the prime factors of 46466?
2, 7, 3319
List the prime factors of 3040.
2, 5, 19
List the prime factors of 3669.
3, 1223
What are the prime factors of 45120?
2, 3, 5, 47
What are the prime factors of 68066?
2, 34033
List the prime factors of 8265.
3, 5, 19, 29
What are the prime factors of 905?
5, 181
What are the prime factors of 1394?
2, 17, 41
What are the prime factors of 1211?
7, 173
What are the prime factors of 11493?
3, 1277
What are the prime factors of 10998?
2, 3, 13, 47
List the prime factors of 1551.
3, 11, 47
What are the prime factors of 33026?
2, 7, 337
List the prime factors of 1994.
2, 997
List the prime factors of 65361.
3, 21787
What are the prime factors of 52604?
2, 13151
What are the prime factors of 19471?
19471
What are the prime factors of 1742?
2, 13, 67
List the prime factors of 4606.
2, 7, 47
What are the prime factors of 1031?
1031
List the prime factors of 2417.
2417
List the prime factors of 1830.
2, 3, 5, 61
What are the prime factors of 14520?
2, 3, 5, 11
List the prime factors of 881.
881
What are the prime factors of 28688?
2, 11, 163
List the prime factors of 2711.
2711
What are the prime factors of 8015?
5, 7, 229
What are the prime factors of 4983?
3, 11, 151
List the prime factors of 40843.
11, 47, 79
What are the prime factors of 2975?
5, 7, 17
List the prime factors of 1684.
2, 421
What are the prime factors of 705?
3, 5, 47
What are the prime factors of 2581?
29, 89
What are the prime factors of 149?
149
List the prime factors of 3287.
19, 173
What are the prime factors of 20085?
3, 5, 13, 103
What are the prime factors of 1650?
2, 3, 5, 11
What are the prime factors of 5137?
11, 467
What are the prime factors of 557?
557
List the prime factors of 2058.
2, 3, 7
What are the prime factors of 930?
2, 3, 5, 31
What are the prime factors of 544?
2, 17
What are the prime factors of 318?
2, 3, 53
What are the prime factors of 1246?
2, 7, 89
List the prime factors of 180872.
2, 23, 983
List the prime factors of 23204.
2, 5801
List the prime factors of 4236.
2, 3, 353
What are the prime factors of 215?
5, 43
List the prime factors of 3512.
2, 439
List the prime factors of 40853.
40853
What are the prime factors of 2037?
3, 7, 97
What are the prime factors of 2106?
2, 3, 13
List the prime factors of 18401.
18401
List the prime factors of 67006.
2, 33503
List the prime factors of 97957.
23, 4259
List the prime factors of 744.
2, 3, 31
What are the prime factors of 5574?
2, 3, 929
List the prime factors of 39202.
2, 17, 1153
What are the prime factors of 1276?
2, 11, 29
List the prime factors of 19804.
2, 4951
List the prime factors of 13212.
2, 3, 367
What are the prime factors of 43804?
2, 47, 233
What are the prime factors of 785?
5, 157
List the prime factors of 47860.
2, 5, 2393
What are the prime factors of 146?
2, 73
What are the prime factors of 1609?
1609
List the prime factors of 4335.
3, 5, 17
List the prime factors of 12130.
2, 5, 1213
List the prime factors of 1365.
3, 5, 7, 13
What are the prime factors of 2457?
3, 7, 13
What are the prime factors of 392?
2, 7
What are the prime factors of 163?
163
List the prime factors of 4062.
2, 3, 677
What are the prime factors of 13084?
2, 3271
List the prime factors of 8560.
2, 5, 107
List the prime factors of 750.
2, 3, 5
List the prime factors of 5727.
3, 23, 83
What are the prime factors of 644?
2, 7, 23
What are the prime factors of 4299?
3, 1433
List the prime factors of 45851.
13, 3527
What are the prime factors of 54343?
31, 1753
What are the prime factors of 89737?
19, 4723
What are the prime factors of 7147?
7, 1021
List the prime factors of 6316.
2, 1579
What are the prime factors of 29588?
2, 13, 569
List the prime factors of 22793.
23, 991
What are the prime factors of 10993?
10993
List the prime factors of 3063.
3, 1021
What are the prime factors of 61092?
2, 3, 1697
List the prime factors of 37221.
3, 19, 653
List the prime factors of 23543.
13, 1811
List the prime factors of 901.
17, 53
List the prime factors of 57700.
2, 5, 577
What are the prime factors of 826?
2, 7, 59
List the prime factors of 20964.
2, 3, 1747
What are the prime factors of 12652?
2, 3163
What are the prime factors of 8402?
2, 4201
What are the prime factors of 4252?
2, 1063
What are the prime factors of 43922?
2, 21961
List the prime factors of 1710.
2, 3, 5, 19
List the prime factors of 249.
3, 83
List the prime factors of 11111.
41, 271
What are the prime factors of 471?
3, 157
What are the prime factors of 52908?
2, 3, 4409
What are the prime factors of 33951?
3, 11317
List the prime factors of 119853.
3, 23, 193
List the prime factors of 47301.
3, 15767
List the prime factors of 892.
2, 223
What are the prime factors of 1183?
7, 13
What are the prime factors of 105451?
17, 6203
List the prime factors of 108449.
11, 9859
List the prime factors of 7690.
2, 5, 769
List the prime factors of 4848.
2, 3, 101
List the prime factors of 2706.
2, 3, 11, 41
List the prime factors of 537.
3, 179
List the prime factors of 24932.
2, 23, 271
What are the